nder when 7701821 is divided by 18?
17
Calculate the remainder when 1342820 is divided by 984.
644
Calculate the remainder when 534555 is divided by 53416.
395
What is the remainder when 1693730 is divided by 120951?
416
Calculate the remainder when 8347451 is divided by 4173723.
5
What is the remainder when 1700506 is divided by 2084?
2046
What is the remainder when 102950 is divided by 9358?
12
What is the remainder when 212283 is divided by 21224?
43
What is the remainder when 5011158 is divided by 11520?
11478
What is the remainder when 2678997 is divided by 14966?
83
Calculate the remainder when 3421928 is divided by 222.
20
Calculate the remainder when 1109343 is divided by 9019.
6
Calculate the remainder when 138673806 is divided by 102.
12
What is the remainder when 2901618 is divided by 103629?
6
Calculate the remainder when 35483354 is divided by 1443.
1427
What is the remainder when 7186972 is divided by 1412?
1304
What is the remainder when 471016 is divided by 470975?
41
What is the remainder when 2398029 is divided by 4207?
39
What is the remainder when 4586571 is divided by 104239?
55
What is the remainder when 1907058 is divided by 109?
103
What is the remainder when 3694195 is divided by 1847092?
11
Calculate the remainder when 797858 is divided by 488.
466
What is the remainder when 293757 is divided by 22595?
22
What is the remainder when 189547 is divided by 19988?
9655
Calculate the remainder when 12938137 is divided by 4075.
12
What is the remainder when 495433 is divided by 495345?
88
Calculate the remainder when 3995926 is divided by 2896.
2342
Calculate the remainder when 7919 is divided by 2426.
641
What is the remainder when 1087740 is divided by 22?
16
Calculate the remainder when 1065727 is divided by 10.
7
Calculate the remainder when 335293928 is divided by 437.
434
What is the remainder when 24845269 is divided by 88?
53
Calculate the remainder when 78707 is divided by 8667.
704
Calculate the remainder when 3230156 is divided by 899.
49
Calculate the remainder when 2904201 is divided by 3516.
3501
Calculate the remainder when 15977101 is divided by 726228.
85
Calculate the remainder when 932111 is divided by 4829.
114
Calculate the remainder when 98447210 is divided by 1022.
1016
Calculate the remainder when 527011 is divided by 263179.
653
Calculate the remainder when 29050855 is divided by 6382.
6373
Calculate the remainder when 114802 is divided by 213.
208
What is the remainder when 2363120 is divided by 124371?
71
Calculate the remainder when 3731230 is divided by 3009.
70
Calculate the remainder when 205149 is divided by 262.
3
Calculate the remainder when 331242 is divided by 1314.
114
What is the remainder when 411658 is divided by 9566?
320
Calculate the remainder when 244779 is divided by 13.
2
Calculate the remainder when 5172919 is divided by 110.
59
Calculate the remainder when 487735 is divided by 764.
303
What is the remainder when 10115938 is divided by 183?
64
What is the remainder when 60323 is divided by 882?
347
Calculate the remainder when 894324 is divided by 338.
314
What is the remainder when 3511828 is divided by 4?
0
Calculate the remainder when 26577451 is divided by 21.
19
What is the remainder when 265608 is divided by 443?
251
What is the remainder when 357959 is divided by 23854?
149
Calculate the remainder when 6740830 is divided by 224.
222
Calculate the remainder when 7400869 is divided by 144.
133
What is the remainder when 372505 is divided by 521?
511
What is the remainder when 2837383 is divided by 222?
1
What is the remainder when 33390 is divided by 414?
270
What is the remainder when 1691427 is divided by 338256?
147
What is the remainder when 4214688 is divided by 1053651?
84
What is the remainder when 829537 is divided by 276488?
73
Calculate the remainder when 2735707 is divided by 488.
467
What is the remainder when 6282438 is divided by 3866?
188
Calculate the remainder when 681909 is divided by 11751.
351
Calculate the remainder when 1766677 is divided by 588423.
1408
What is the remainder when 2317783 is divided by 31316?
399
What is the remainder when 863478 is divided by 863275?
203
What is the remainder when 27026478 is divided by 758?
746
Calculate the remainder when 42040 is divided by 41457.
583
What is the remainder when 3627107 is divided by 1908?
1907
What is the remainder when 85943 is divided by 1105?
858
Calculate the remainder when 12674186 is divided by 130.
96
Calculate the remainder when 1339498 is divided by 267830.
348
What is the remainder when 139352 is divided by 4350?
152
Calculate the remainder when 979047 is divided by 123.
90
Calculate the remainder when 108434453 is divided by 13.
10
Calculate the remainder when 3128761 is divided by 5859.
55
Calculate the remainder when 2873694 is divided by 919.
900
What is the remainder when 13531353 is divided by 13668?
33
What is the remainder when 581164 is divided by 622?
216
What is the remainder when 65348 is divided by 654?
602
Calculate the remainder when 42601173 is divided by 371.
356
Calculate the remainder when 20815 is divided by 6850.
265
Calculate the remainder when 1524211 is divided by 1129.
61
Calculate the remainder when 72680961 is divided by 3303680.
1
What is the remainder when 6811827 is divided by 21763?
8
Calculate the remainder when 73785355 is divided by 5884.
5879
What is the remainder when 3871440 is divided by 967859?
4
Calculate the remainder when 229147 is divided by 1539.
1375
What is the remainder when 1258959 is divided by 15924?
963
What is the remainder when 1484555 is divided by 8784?
59
Calculate the remainder when 447153 is divided by 1477.
1099
Calculate the remainder when 4302072 is divided by 537747.
96
What is the remainder when 79900 is divided by 4456?
4148
What is the remainder when 8571451 is divided by 8571440?
11
Calculate the remainder when 45283614 is divided by 452.
446
Calculate the remainder when 811719 is divided by 1812.
1755
Calculate the remainder when 453306 is divided by 9240.
546
Calculate the remainder when 30700077 is divided by 732.
729
What is the remainder when 3633 is divided by 315?
168
What is the remainder when 130359 is divided by 3804?
1023
Calculate the remainder when 132511 is divided by 1632.
319
Calculate the remainder when 203702664 is divided by 581.
578
What is the remainder when 105822 is divided by 20808?
1782
Calculate the remainder when 2970864 is divided by 1688.
1672
Calculate the remainder when 4613115 is divided by 2306477.
161
What is the remainder when 10177 is divided by 6093?
4084
What is the remainder when 3933290 is divided by 63?
11
Calculate the remainder when 6039 is divided by 4891.
1148
What is the remainder when 178483 is divided by 4570?
253
What is the remainder when 3346583 is divided by 246?
245
Calculate the remainder when 467822 is divided by 1976.
1486
What is the remainder when 4567131 is divided by 570891?
3
Calculate the remainder when 19334650 is divided by 1867.
1865
Calculate the remainder when 110421 is divided by 36184.
1869
What is the remainder when 1992797 is divided by 83033?
5
What is the remainder when 367201 is divided by 122399?
4
Calculate the remainder when 11161 is divided by 12.
1
What is the remainder when 944231 is divided by 996?
23
What is the remainder when 188499 is divided by 62831?
6
What is the remainder when 47233514 is divided by 4584?
4562
Calculate the remainder when 79071 is divided by 15698.
581
Calculate the remainder when 652411 is divided by 2146.
27
What is the remainder when 4555378 is divided by 7312?
2
Calculate the remainder when 92784 is divided by 92767.
17
Calculate the remainder when 32023 is divided by 15952.
119
Calculate the remainder when 157324 is divided by 105.
34
Calculate the remainder when 19158510 is divided by 54.
12
What is the remainder when 167711 is divided by 41919?
35
Calculate the remainder when 475752 is divided by 237805.
142
What is the remainder when 2775015 is divided by 1185?
930
What is the remainder when 17736324 is divided by 1184?
4
Calculate the remainder when 3266211 is divided by 1688.
1619
What is the remainder when 190609 is divided by 3885?
244
What is the remainder when 111662 is divided by 36388?
2498
Calculate